?
7
Let f(k) = -3382*k - 3383. Determine f(-1).
-1
Let u(a) = 27*a + 19. Give u(6).
181
Let n(b) = 6*b**2 - 433*b - 815. Give n(74).
-1
Let i(p) = p**3 + 57*p**2 + 79*p + 1282. Determine i(-56).
-6
Let z(t) = -49*t - 2599. Determine z(-53).
-2
Let o(x) = -375*x - 7786. What is o(-21)?
89
Let a(x) = -5*x - 164. What is a(-24)?
-44
Let q(t) = -2*t**2 - 166*t + 518. What is q(3)?
2
Let f(d) = -2*d**3 - 31*d**2 + 20*d + 91. Determine f(-16).
27
Let f(z) = z**3 - 42*z**2 - 232*z - 141. What is f(47)?
0
Let l(x) = -x**3 - 32*x**2 + 23*x - 326. What is l(-33)?
4
Let z(c) = -c**3 + 17*c**2 + 12*c + 147. Determine z(20).
-813
Let o(i) = -3*i**2 - 51*i - 13. What is o(-21)?
-265
Let y(u) = -u**2 + 133*u - 2566. Determine y(109).
50
Let j(x) = 5*x**3 + 4*x**2 + 54*x - 250. What is j(4)?
350
Let f(a) = -5*a**2 - 50*a + 44. Give f(-11).
-11
Let l(n) = -3*n**3 - 98*n**2 - 95*n - 1003. What is l(-32)?
-11
Let x(q) = 42*q - 128. Calculate x(3).
-2
Let i(u) = 3*u**2 - 10*u - 11. Give i(2).
-19
Let r(o) = -176*o - 17937. Calculate r(-102).
15
Let v(q) = -q**2 - 160*q - 2881. What is v(-20)?
-81
Let j(i) = -665*i + 11299. What is j(17)?
-6
Let a(v) = v**3 + 20*v**2 + 28*v - 37. Determine a(-14).
747
Let f(q) = -q**2 + 34*q - 246. Determine f(22).
18
Let m(q) = -15*q**2 - 30*q + 2520. Give m(12).
0
Let r(l) = -2*l**2 + 189*l + 4970. What is r(116)?
-18
Let t(k) = k**2 + 1120*k - 35670. Calculate t(31).
11
Let d(k) = 10708*k**2 - 42828*k - 12. What is d(4)?
4
Let j(b) = b**3 + 7*b**2 + 23*b + 71. Calculate j(-5).
6
Let l(y) = 49*y + 1361. Determine l(-28).
-11
Let q(w) = 91*w + 14323. Calculate q(-156).
127
Let b(p) = -29*p**2 + 2*p + 2. What is b(0)?
2
Let t(a) = 10*a**2 + 38*a - 179. Give t(4).
133
Let a(z) = -4354*z + 17402. What is a(4)?
-14
Let j(v) = -2*v + 233. Calculate j(115).
3
Let l(d) = -4*d**2 - 3*d + 33. Calculate l(5).
-82
Let x(s) = 6*s - 136. What is x(40)?
104
Let h(u) = 6*u + 206. What is h(-33)?
8
Let c(q) = -q**3 + q**2 - 184*q + 1435. What is c(7)?
-147
Let k(f) = -7*f**2 + 275*f - 38. Calculate k(39).
40
Let q(o) = -80*o - 20870. Determine q(-261).
10
Let u(c) = -243*c + 17002. What is u(70)?
-8
Let q(c) = -27*c - 1745. What is q(-65)?
10
Let p(f) = -f**3 + 84*f**2 - 1182*f - 407. Calculate p(66).
-11
Let y(r) = r**2 - 25*r + 70. Determine y(19).
-44
Let y(c) = -3*c**2 - 19*c - 17. Calculate y(-7).
-31
Let r(a) = 2*a**2 + 39*a + 131. Determine r(-18).
77
Let o(i) = 1601*i - 3177. Calculate o(2).
25
Let x(p) = -189*p + 1246. Calculate x(9).
-455
Let l(s) = 44*s + 242. Calculate l(-10).
-198
Let h(d) = 57*d + 9242. Determine h(-162).
8
Let y(o) = 36*o - 547. Determine y(15).
-7
Let j(v) = -8*v**2 + 114*v - 8. What is j(15)?
-98
Let m(k) = 94*k**2 - 6582*k + 158. What is m(70)?
18
Let w(o) = -o**2 + 1003*o - 3014. What is w(3)?
-14
Let v(r) = -r**3 - 8*r**2 - 6*r - 18. Give v(-8).
30
Let f(o) = 43*o + 47. What is f(-5)?
-168
Let u(j) = j**3 - 10*j**2 - j + 32. Give u(9).
-58
Let c(x) = -4*x**2 + 145*x + 22474. Determine c(-59).
-5
Let h(l) = -25*l**2 - 236*l + 131. Calculate h(-10).
-9
Let h(n) = -16*n**2 + 1132*n + 294. What is h(71)?
10
Let u(m) = -m**2 - 255*m + 1300. Give u(5).
0
Let p(g) = 3*g**2 - 1583*g - 46693. Calculate p(-28).
-17
Let d(m) = -m**3 - 22*m**2 + 12*m + 139. What is d(-22)?
-125
Let m(k) = 9*k + 263. Determine m(-25).
38
Let k(a) = -a**2 - 2642*a - 21073. What is k(-8)?
-1
Let d(f) = -f**3 + 216*f**2 - 431*f + 636. What is d(214)?
-6
Let c(u) = -682*u - 27946. Calculate c(-41).
16
Let r(h) = 2*h**2 - 178*h - 1300. Determine r(96).
44
Let u(s) = -4*s**2 + s + 46. Determine u(4).
-14
Let t(v) = 226*v + 59433. What is t(-263)?
-5
Let m(x) = -x**3 + 19*x**2 - 37*x + 52. Give m(17).
1
Let g(b) = 60*b + 215. Give g(-4).
-25
Let y(l) = -9*l**2 + 118. What is y(-4)?
-26
Let i(p) = -61*p + 2996. What is i(48)?
68
Let a(b) = -1281*b + 10255. Determine a(8).
7
Let s(x) = -51*x**2 + 820*x - 58. What is s(16)?
6
Let k(x) = x**3 + 18*x**2 + 36*x + 87. Determine k(-16).
23
Let c(s) = -14*s + 358. Give c(42).
-230
Let r(m) = 2*m + 121. Give r(51).
223
Let l(r) = 5*r**2 - 3*r - 7. Determine l(2).
7
Let y(p) = -109*p + 2368. Calculate y(22).
-30
Let w(c) = 22*c + 1527. Calculate w(-67).
53
Let o(d) = d - 17. Determine o(-44).
-61
Let m(j) = 2*j**3 + 19*j**2 - 8*j + 33. Give m(-10).
13
Let m(y) = -y**3 + 5*y**2 - 2*y - 164. Determine m(0).
-164
Let y(r) = 2*r**3 - 8*r**2 - 21*r + 80. Determine y(4).
-4
Let y(b) = -13*b + 124. What is y(10)?
-6
Let c(t) = 3*t**3 - 228*t**2 + 221*t + 296. Determine c(75).
-4
Let j(b) = -3*b**2 + 7*b - 102. Give j(13).
-518
Let t(i) = -549*i - 7137. What is t(-13)?
0
Let n(x) = -94*x + 721. Determine n(8).
-31
Let u(y) = 29*y - 30. Determine u(7).
173
Let c(a) = 7*a - 47. What is c(16)?
65
Let u(x) = 57*x**2 + 5*x - 28. Give u(3).
500
Let a(n) = -n**3 + 41*n**2 - 194*n + 9916. Give a(42).
4
Let d(b) = 369*b**3 + 5*b**2 - 10*b + 8. What is d(1)?
372
Let i(n) = -355*n + 5725. Give i(16).
45
Let t(m) = -2*m**3 + 9*m**2 - 73*m + 198. Give t(4).
-78
Let j(c) = c**2 + 40*c + 68. Give j(-36).
-76
Let l(f) = -8*f**3 - 71*f**2 + 10*f. Give l(-9).
-9
Let c(v) = -30*v - 221. Give c(-12).
139
Let o(u) = 27*u - 811. What is o(32)?
53
Let z(c) = -113*c - 2139. Calculate z(-20).
121
Let k(u) = 293*u + 2539. Give k(-8).
195
Let z(b) = 38*b**3 + 532*b**2 + 2*b - 2. Give z(-14).
-30
Let w(b) = 2*b**3 - 19*b**2 - 142*b + 1198. Give w(11).
-1
Let j(a) = a**2 + 5*a + 7. Determine j(-6).
13
Let n(c) = 143*c - 28. What is n(-3)?
-457
Let c(z) = -2*z**2 + 156*z - 2915. What is c(31)?
-1
Let h(x) = 4*x**3 + 10*x**2 - 3*x - 3. Give h(3).
186
Let c(p) = -p**3 + 30*p**2 + 88*p - 763. What is c(32)?
5
Let w(l) = 61*l - 360. Give w(6).
6
Let o(d) = -d**3 + 16*d**2 + 21*d + 39. What is o(17)?
107
Let i(c) = 21*c**2 + 2102*c + 214. Give i(-100).
14
Let d(p) = 18*p**3 + p**2 - 56*p - 56. What is d(-1)?
-17
Let l(t) = -39*t - 5941. Calculate l(-153).
26
Let i(t) = 187*t - 22070. Give i(118).
-4
Let m(o) = -o**3 + 12*o**2 + 4*o + 38. Calculate m(13).
-79
Let h(a) = -8*a**2 + 803*a - 308. Calculate h(100).
-8
Let a(i) = -5*i**3 + 11*i**2 - 24*i - 2. What is a(2)?
-46
Let s(r) = -r**2 - 87*r - 1757. What is s(-55)?
3
Let x(t) = -t**3 - 69*t**2 - 69*t - 62. What is x(-68)?
6
Let u(m) = -4*m**3 - 7*m**2 + 12*m - 6. Calculate u(1).
-5
Let z(s) = -s**3 + 16*s**2 - 11*s - 26. Give z(13).
338
Let b(c) = -14*c**3 - 175*c**2 - 85*c - 14. What is b(-12)?
-2
Let k(i) = -i**3 - 3*i**2 + 97*i + 475. Calculate k(-8).
19
Let g(d) = d**3 + 97*d**2 + 30005. Determine g(-100).
5
Let z(b) = 158*b - 152. Give z(-5).
-942
Let i(v) = -v**2 + 2*v + 19. Give i(0).
19
Let l(h) = -164*h + 1332. What is l(8)?
20
Let g(c) = 17*c + 230. What is g(-20)?
-110
Let l(v) = 15*v**2 - 81*v - 58. Give l(0).
-58
Let v(f) = 28*f - 111. Determine v(5).
29
Let r(p) = 10*p**3 - 63*p**2 + 17*p - 2. Calculate r(6).
-8
Let q(r) = -r**3 - 15*r**2 + 4*r - 31. What is q(-16)?
161
Let k(h) = -184*h + 2623. Give k(14).
47
Let l(t) = -3186*t + 33. What is l(0)?
33
Let a(i) = 6*i**2 - 19*i - 229. Determine a(-5).
16
Let u(a) = 864*a + 15551. Calculate u(-18).
-1
Let a(s) = -s**3 + 9*s**2 - 17*s + 81. Give a(8).
9
Let o(j) = -2*j**3 - 12*j**2 - 447*j - 2702. What is o(-6)?
-20
Let s(t) = -23*t + 121. Give s(7).
-40
Let s(m) = -m**3 - 52*m**2 - 94*m - 4768. Determine s(-52).
120
Let d(v) = -20*v**2 - 1911*v - 1042. Calculate d(-95).
3
Let o(l) = -l**2 + 13*l + 248. What is o(22)?
50
Let p(u) = 3*u**2 - 6*u - 55. Determine p(-7).
134
Let f(y) = y**2 - 436*y + 6311. Give f(15).
-4
Let g(o) = -49*o - 281. What is g(-6)?
13
Let d(c) = -5072*c - 10121. What is d(-2)?
23
Let q(o) = -1689*o + 3381. What is q(2)?
3
Let m(k) = 50*k - 38. Determine m(3).
112
Let p(m) = 208*m - 1358. Give p(7).
98
Let u(q) = q**2 + 50*q + 468. What is u(-13)?
-13
Let j(q) = -1662*q + 16610. Calculate j(10).
-10
Let r(x) = x**2 + 48*x + 627. Determine r(-24).
51
Let i(d) = 12*d - 348. Give i(30).
12
Let l(w) = -86*w - 307. Determine l(-4).
37
Let k(m) = -m**3 + 14*m + 42. Determine k(5).
-13
Let w(q) = q**2 - 198*q + 2422. Determine w(13).
17
Let t(c) = -c**3 + 84*c**2 - 90*c + 576. Calculate t(83).
-5
Let u(o) = -999*o - 5988. Determine u(-6).
6
Let j(v) = v**3 - 13*v**2 + 40*v + 6. Determine j(7).
-8
Let n(r) = -r**3 - 